 35*l - 73. Let p be k(30). Let c = 221 + p. What is m(c)?
-4
Let x(f) = -10*f + 58. Suppose -308 = -218*r + 1654. Give x(r).
-32
Let y(l) = 36*l + 26. Let m(f) = -40*f - 31. Let v(r) = -5*m(r) - 6*y(r). Determine v(-3).
47
Suppose 5*l + 0*k = k - 6, -2*l - 2*k = 0. Let u be 1*(-2 + l) - -5. Let a(h) = -u*h**2 - 6*h**2 - 9*h + 2 + 9*h**2. What is a(9)?
2
Suppose 4*b = 3*i - 42, 28 = 2*i + b + 22. Let k(c) = 3*c**2 - 7*c - 18. Calculate k(i).
48
Let p(d) = 17*d + 21. Let i(g) = 52*g + 68. Let m(o) = 5*i(o) - 16*p(o). Calculate m(3).
-32
Let h(m) be the first derivative of -m**5/20 + m**4/2 + 2*m**3/3 + 5*m**2/2 + 40*m + 163. Let j(d) be the first derivative of h(d). Calculate j(7).
-16
Let f(q) be the third derivative of -q**9/60480 - q**8/1680 + q**7/2520 + 17*q**6/720 + 7*q**5/4 - q**2. Let v(j) be the third derivative of f(j). Give v(-12).
-7
Let b(s) = -16*s**3 - 3*s - 6. Suppose -3*x - 20 = -5*k + 3*k, 0 = 5*k + 3*x + 34. Calculate b(k).
128
Let z(b) = 4 - 9*b**2 + 11*b + 3 + 4*b**2 + 6*b**2. Let v(u) = 3*u**2 - 58*u + 5. Let d(j) = -j**2 + j + 1. Let t(s) = 4*d(s) - v(s). Let w be t(9). Give z(w).
-3
Let w(s) be the first derivative of -3*s**2 - 8*s - 156. Let i be w(0). Let h(m) = -2*m - 14. What is h(i)?
2
Let t(h) be the third derivative of -1/6*h**4 + 0 + h**2 + 0*h + 1/60*h**5 - 2/3*h**3. Let y(o) = 2*o**2 - 10*o - 24. Let a be y(7). What is t(a)?
-4
Suppose 467*t = 486*t - 95. Let z(c) be the first derivative of -3*c + 15 + t*c**2 - 11/3*c**3 + 1/4*c**4. Calculate z(10).
-3
Let j(k) be the third derivative of -k**6/60 - k**5/20 + k**4/24 - k**3/3 - 47896*k**2. Let d = -8 + 5. What is j(d)?
22
Let k(r) = r**2 - 10. Let w be k(4). Let i(v) = -v**3 + 6*v**2 + 5*v - 22. What is i(w)?
8
Let n(h) = 7 + 13*h**2 - h - 11 + 3*h + 9. Let l(r) = 11*r**2 + r + 4. Let q(k) = 5*l(k) - 4*n(k). What is q(2)?
6
Let a(x) = 9*x - 60. Suppose 0 = -3*b - 2*l + 19, -2*b + 20 = 3*l + 9. Determine a(b).
3
Let n(i) be the third derivative of -i**4/2 + 61*i**3/6 - 1646*i**2. What is n(5)?
1
Let x(r) = -r**3 + r**2 - 33. Let t be (-2 + 0)*(60/(-6) - -6). Suppose 0 = -n - t*n - 10*n. Give x(n).
-33
Let c(p) = -5*p + 2*p + 14621 - 7314 - 7308. Let g(u) = u**2 + 7*u - 2. Let m be g(-8). Let r = m - 4. Calculate c(r).
-7
Suppose -r - 14 = 4*b, -r - 4*r + 3*b = 24. Let h(m) be the first derivative of 5*m**2/2 + 9*m + 1591. Determine h(r).
-21
Let u(y) = -2*y**3 + 28*y**2 + 62*y + 22. Let b be u(16). Let t(f) = 18*f + 188. Calculate t(b).
8
Let p = 1032 + -1038. Suppose 4*y - 2 = 6. Let n(i) = 3*i + 4*i**3 - 6*i**y - 3*i**3 - 2*i**3 - i + 5. What is n(p)?
-7
Suppose -13*g - 885 = 15*g + 31*g. Let l(v) = v**3 + 15*v**2 + 13. What is l(g)?
13
Let d = 251 + -246. Suppose 5*y = -20, -d*y = 5*s + 15 - 5. Let g(w) = w**2 - 3 - w + 3. Give g(s).
2
Let n(q) be the second derivative of -52*q + 0 - 5*q**2 - 3/2*q**3 - 1/12*q**4. Calculate n(-8).
-2
Let f(c) = 2 + 2 + 42*c**2 - 6 - c + 3 - 2. What is f(1)?
40
Let i be 504/((-6)/1) + (4 - 7). Let x = i - -91. Let t(l) = -l**2 + 4. Determine t(x).
-12
Let s be (-170)/14 - 2 - ((-215)/35 + 6). Let x(f) = -2*f + 3. Calculate x(s).
31
Let m be 1/(-2)*(13 - 13). Let d be (16/4 - m) + (1 - 5). Let f(a) = a + 11. Calculate f(d).
11
Let f(t) = -t**2 + 4*t. Suppose -34*w = -2*w - 3168. Let n = w - 94. Determine f(n).
-5
Let s(y) be the second derivative of 2/3*y**4 + 1/3*y**3 + 2*y + 1/20*y**5 + 0 + 6*y**2. Suppose f - 328 = 42*f. Determine s(f).
-4
Let u(k) = -1 + 3 + 1 + 1 + 3 - 6 - 26*k**2 - k. Let r(n) = n**3 + 5*n**2 - 7*n - 5. Let f be r(-6). Calculate u(f).
-26
Suppose 0 = -15*r + 13*r - 204. Let b = -101 - r. Let p(a) = -6*a**2 + 3*a**3 + 5*a**2 + 2*a**3. Determine p(b).
4
Let t be 22/(-55)*((-7 - 6) + 3). Let r(u) be the second derivative of 0 + 0*u**3 - 2*u - 5*u**2 + 1/12*u**t. What is r(0)?
-10
Let o(k) = -19*k - 124. Let x(j) = 93*j + 599. Let b(s) = -29*o(s) - 6*x(s). Suppose 0 = -4*w - 8 - 8. Give b(w).
30
Let w(o) = 19*o**3 + 71*o**2 - 83*o + 829. Let n(f) = -8*f**3 - 29*f**2 + 34*f - 345. Let x(m) = -12*n(m) - 5*w(m). Let g be -3*(-1)/3*5. Determine x(g).
-20
Let w(r) = 13*r**3 - 60*r**2 + 18*r - 5. Let b(q) = 28*q**3 - 122*q**2 + 39*q - 9. Let m(j) = 6*b(j) - 13*w(j). What is m(48)?
11
Let y = 5982 - 5982. Let j(h) be the third derivative of y*h**3 + 0*h**4 + 1/60*h**5 + 0*h + 4*h**2 + 0. Calculate j(0).
0
Let s(y) = y**2 - 3*y + 1. Suppose -3*b - 2*b = 5*n - 595, 0 = -5*b + 3*n + 611. Let m = b - 117. Calculate s(m).
5
Let x(l) = 20*l - 24 - 22*l**2 - 30 + 12 + l**3 - 19 + 6*l**2. Give x(15).
14
Let b(j) = -j**3 - 8*j**2 - 3*j - 5. Let x(v) = -18*v - 172. Let s be x(-8). Let p be 5 + (-180)/35 + 220/s. What is b(p)?
19
Let g(y) = -2*y - 32. Suppose 0 = -12*z + 355 + 965. Suppose 10 + z = -8*t. Determine g(t).
-2
Let q(c) = 2*c - 67. Suppose -95*k + 1342 + 748 = 0. Calculate q(k).
-23
Let k(o) = o**3 - 9*o**2 - 12*o + 3. Let v = 21 + -11. Give k(v).
-17
Let z(u) be the first derivative of -9*u**2/2 - u + 313. Let x = 14 + -13. Determine z(x).
-10
Let o(t) = -t**3 + 15*t**2 + 2*t + 10. Let m be o(15). Suppose m = 11*c - 3*c. Let g(h) = c + 2*h + 6 - 1 - 5. Calculate g(-6).
-7
Let u(b) = -4*b - 36. Suppose 0 = 316*s - 324*s - 112. Determine u(s).
20
Let j(o) = 4*o**3 + 14*o**2 + 2*o - 16. Let w(i) = -3*i**3 - 14*i**2 - i + 17. Let s = -44 - -47. Let l(y) = s*w(y) + 2*j(y). Determine l(-14).
5
Let o(g) be the first derivative of g**4/2 - 2*g**3 - g**2/2 + g - 2259. What is o(5)?
96
Let r(m) = m**3 + m**2 + 2*m + 2. Suppose 46*k = 36*k + 20. Suppose 4*t + 10 = k. Determine r(t).
-6
Let a(z) = 8*z - 74. Let n be a(9). Let p(l) = -7*l + 2. Let q(i) = i**2 + 10*i - 3. Let g(t) = n*q(t) - 3*p(t). What is g(-1)?
-3
Let t be (-4)/(-4) + (-5 + 2)/3. Let x(g) be the second derivative of 0 + 7*g + 0*g**3 + 7/12*g**4 + t*g**2. Calculate x(-1).
7
Let h(q) be the second derivative of -13*q**3/6 + 431*q**2/2 - 4784*q. Calculate h(33).
2
Suppose 7*r = 5*r - 10. Let z = r - -8. Let j(x) = -x**2 + 3 - 7*x - z*x + 15*x. Calculate j(5).
3
Let i = 1613 - 96779/60. Let a(u) be the third derivative of 0 + 12*u**2 + 1/12*u**4 + 0*u - i*u**5 + 1/6*u**3. Determine a(3).
-2
Suppose -240 = 8*j + 5*j + 7*j. Let c(b) = -b**3 - 11*b**2 + 14*b + 36. Give c(j).
12
Let h(p) = 5*p**3 + 2*p**2 + p. Let b(i) = 6*i - 167. Let f be b(40). Let q be ((-6)/(-9))/(3/(-333)). Let z = q + f. What is h(z)?
-4
Let b be (-180)/46 + 7 + 12/(-552)*326. Let j(k) = k**2 + 6*k + 17. Calculate j(b).
9
Let a(m) = -m**3 + 10*m**2 - m + 10. Let x be a(10). Let i = 16 + 38. Let o(z) = -i + z + 56 + 0*z. Calculate o(x).
2
Let r(p) = 764*p**3 - 6*p**2 + 764*p**3 - 5*p + 5 + 771*p**3 + 767*p**3 - 3064*p**3. Give r(5).
80
Let a(v) be the second derivative of -v**7/840 - v**6/90 + 7*v**5/120 + v**4/4 + 67*v**3/6 + 11*v. Let z(u) be the second derivative of a(u). Give z(-5).
-4
Let v(s) = s**3 + 9*s**2 - 50*s + 16. Suppose -12309*h = -12337*h - 364. Give v(h).
-10
Let y(u) be the first derivative of -u + 90 - u**2 - 7/3*u**3. Determine y(-1).
-6
Suppose 0 = -3*p + 309 + 21. Suppose 9*m - p = -146. Let h(i) be the third derivative of -i**5/60 - i**4/12 - i**3/3 - 3*i**2. Give h(m).
-10
Let n be (12/8 - -1)*4/(-2). Let b be (-41)/(-5) + 0 + 1/n. Suppose -w = -3, -b = 2*o - 3*w + 1. Let t(g) = -g - 9. What is t(o)?
-9
Let w(y) = -48*y - 294. Let j(c) = c**3 + 4*c**2 - 54*c - 42. Let i be j(6). Give w(i).
-6
Let k(b) = b**3 + 25*b**2 + 70*b + 55. Let v be k(-24). Let a = 1058 + v. Let l(c) = -c**2 + 11*c - 22. What is l(a)?
-4
Let t be 12/(-6) - 4/1. Let y(a) = 4*a + 7. Let o(p) be the third derivative of p**4/24 + p**3/6 + 2*p**2. Let b(k) = -5*o(k) + y(k). Give b(t).
8
Let d(r) = 5*r**2 - 17. Let o(u) = 4*u**2 - 14. Let i(z) = 5*d(z) - 6*o(z). Suppose -7*t - 10 = -2*t. Give i(t).
3
Let g(u) be the first derivative of -11*u**2 - 235*u - 8634. Calculate g(-11).
7
Let s(o) = 2*o**3 - o**2 - 2*o - 3. Let h(m) = 9*m**3 - 7*m**2 - 6*m - 7. Let d(n) = -h(n) + 4*s(n). What is d(4)?
-29
Let r(u) = -7*u - 15. Let c be 4/3*(648/96 + -3). Calculate r(c).
-50
Suppose -3*i + 1075 = 5*k, -5*i = -6*i - k + 357. Let t = 334 - i. Let l(s) = s**2 + 20*s - 22. What is l(t)?
-1
Let k(s) = -s**3 - s**2 + s + 5. Let o(j) = -j**3 + 20*j**2 - 15*j - 51. Let p be o(19). Suppose 5*i - 2*z = -10, 6*i - 5*z 